{"id":26,"date":"2017-04-03T12:33:40","date_gmt":"2017-04-03T10:33:40","guid":{"rendered":"http:\/\/efan.be\/?page_id=26"},"modified":"2025-01-30T15:03:43","modified_gmt":"2025-01-30T14:03:43","slug":"projet-detablissement","status":"publish","type":"page","link":"https:\/\/efan.be\/index.php\/projet-detablissement\/","title":{"rendered":"Projet d&rsquo;\u00e9tablissement"},"content":{"rendered":"<p>Le projet d&rsquo;\u00e9tablissement est propre \u00e0 chaque \u00e9cole. Construit \u00e0 partir d\u2019un cadre de<\/p>\n<p>r\u00e9f\u00e9rences, il privil\u00e9gie certaines valeurs, sans pour autant exclure les autres.<\/p>\n<p>Ce projet, tout en respectant la personnalit\u00e9 de chacun, vise \u00e0 d\u00e9velopper les comp\u00e9tences,<\/p>\n<p>les savoir-faire et savoir \u00eatre des diff\u00e9rents acteurs de l\u2019\u00e9cole.<\/p>\n<p><strong>L\u2019action de l\u2019\u00e9quipe \u00e9ducative portera plus particuli\u00e8rement sur les priorit\u00e9s\u00a0suivantes\u00a0<\/strong>:<\/p>\n<p><strong>L&rsquo;\u00e9ducative<\/strong>\u00a0d\u00e9veloppera\u00a0\u00a0des actions \u00a0afin de <span style=\"text-decoration: underline;\"><strong>mieux vivre en harmonie<\/strong> <\/span>avec soi, les autres et l&rsquo;espace.<\/p>\n<p>Un programme d&rsquo;am\u00e9lioration du climat scolaire sera mis en \u0153uvre d\u00e8s septembre 2019 : \u00ab\u00a0soutien aux comportements positifs\u00a0\u00bb (SCP).<\/p>\n<p><strong>La p\u00e9dagogie <\/strong>s&rsquo;efforcera <span style=\"text-decoration: underline;\"><strong>d&rsquo;assurer la continuit\u00e9 des apprentissages<\/strong> <\/span>afin d&rsquo;amener<\/p>\n<p>chaque enfant \u00e0\u00a0devenir un vrai lecteur.\u00a0 Elle proposera d&rsquo;installer les strat\u00e9gies de lecture<\/p>\n<p>en\u00a0cr\u00e9ant des outils communs aux quatre cycles.<\/p>\n<p><strong>\u00a0<\/strong><\/p>\n\n\t\t<style type=\"text\/css\">\n\t\t\t#gallery-1 {\n\t\t\t\tmargin: auto;\n\t\t\t}\n\t\t\t#gallery-1 .gallery-item {\n\t\t\t\tfloat: left;\n\t\t\t\tmargin-top: 10px;\n\t\t\t\ttext-align: center;\n\t\t\t\twidth: 33%;\n\t\t\t}\n\t\t\t#gallery-1 img {\n\t\t\t\tborder: 2px solid #cfcfcf;\n\t\t\t}\n\t\t\t#gallery-1 .gallery-caption {\n\t\t\t\tmargin-left: 0;\n\t\t\t}\n\t\t\t\/* see gallery_shortcode() in wp-includes\/media.php *\/\n\t\t<\/style>\n\t\t<div id='gallery-1' class='gallery galleryid-26 gallery-columns-3 gallery-size-medium'><dl class='gallery-item'>\n\t\t\t<dt class='gallery-icon landscape'>\n\t\t\t\t<a href='https:\/\/efan.be\/index.php\/page-d-exemple\/observations\/'><img width=\"300\" height=\"297\" src=\"https:\/\/efan.be\/wp-content\/uploads\/2019\/07\/observations-300x297.jpg\" class=\"attachment-medium size-medium\" alt=\"\" loading=\"lazy\" aria-describedby=\"gallery-1-2373\" srcset=\"https:\/\/efan.be\/wp-content\/uploads\/2019\/07\/observations-300x297.jpg 300w, https:\/\/efan.be\/wp-content\/uploads\/2019\/07\/observations-150x150.jpg 150w, https:\/\/efan.be\/wp-content\/uploads\/2019\/07\/observations-768x760.jpg 768w, https:\/\/efan.be\/wp-content\/uploads\/2019\/07\/observations-1024x1014.jpg 1024w, https:\/\/efan.be\/wp-content\/uploads\/2019\/07\/observations-1170x1159.jpg 1170w, https:\/\/efan.be\/wp-content\/uploads\/2019\/07\/observations.jpg 1330w\" sizes=\"(max-width: 300px) 100vw, 300px\" \/><\/a>\n\t\t\t<\/dt>\n\t\t\t\t<dd class='wp-caption-text gallery-caption' id='gallery-1-2373'>\n\t\t\t\tanalyse des comportements en 2018-2019\n\t\t\t\t<\/dd><\/dl><dl class='gallery-item'>\n\t\t\t<dt class='gallery-icon landscape'>\n\t\t\t\t<a href='https:\/\/efan.be\/index.php\/page-d-exemple\/scp28mai20121\/'><img width=\"300\" height=\"225\" src=\"https:\/\/efan.be\/wp-content\/uploads\/2019\/07\/scp28mai20121-300x225.jpg\" class=\"attachment-medium size-medium\" alt=\"\" loading=\"lazy\" aria-describedby=\"gallery-1-2374\" \/><\/a>\n\t\t\t<\/dt>\n\t\t\t\t<dd class='wp-caption-text gallery-caption' id='gallery-1-2374'>\n\t\t\t\tmise en place du programme d\u00e8s septembre 2019\n\t\t\t\t<\/dd><\/dl><dl class='gallery-item'>\n\t\t\t<dt class='gallery-icon landscape'>\n\t\t\t\t<a href='https:\/\/efan.be\/index.php\/projet-detablissement\/bty-58\/'><img width=\"300\" height=\"268\" src=\"https:\/\/efan.be\/wp-content\/uploads\/2018\/09\/IMG_20180507_114449-300x268.jpg\" class=\"attachment-medium size-medium\" alt=\"\" loading=\"lazy\" aria-describedby=\"gallery-1-1872\" srcset=\"https:\/\/efan.be\/wp-content\/uploads\/2018\/09\/IMG_20180507_114449-300x268.jpg 300w, https:\/\/efan.be\/wp-content\/uploads\/2018\/09\/IMG_20180507_114449-768x685.jpg 768w, https:\/\/efan.be\/wp-content\/uploads\/2018\/09\/IMG_20180507_114449-1024x913.jpg 1024w, https:\/\/efan.be\/wp-content\/uploads\/2018\/09\/IMG_20180507_114449-1170x1043.jpg 1170w\" sizes=\"(max-width: 300px) 100vw, 300px\" \/><\/a>\n\t\t\t<\/dt>\n\t\t\t\t<dd class='wp-caption-text gallery-caption' id='gallery-1-1872'>\n\t\t\t\tLa continuit\u00e9 des apprentissages en savoir lire\n\t\t\t\t<\/dd><\/dl><br style=\"clear: both\" \/>\n\t\t<\/div>\n\n","protected":false},"excerpt":{"rendered":"<p>Le projet d&rsquo;\u00e9tablissement est propre \u00e0 chaque \u00e9cole. Construit \u00e0 partir d\u2019un cadre de r\u00e9f\u00e9rences, il privil\u00e9gie certaines valeurs, sans pour autant exclure les autres. Ce projet, tout en respectant la personnalit\u00e9 de chacun, vise \u00e0 d\u00e9velopper les comp\u00e9tences, les savoir-faire et savoir \u00eatre des diff\u00e9rents acteurs de l\u2019\u00e9cole. L\u2019action de l\u2019\u00e9quipe \u00e9ducative portera plus &hellip; <\/p>\n<p><a class=\"more-link btn\" href=\"https:\/\/efan.be\/index.php\/projet-detablissement\/\">Lire la suite<\/a><\/p>\n","protected":false},"author":15,"featured_media":0,"parent":0,"menu_order":0,"comment_status":"closed","ping_status":"closed","template":"","meta":[],"_links":{"self":[{"href":"https:\/\/efan.be\/index.php\/wp-json\/wp\/v2\/pages\/26"}],"collection":[{"href":"https:\/\/efan.be\/index.php\/wp-json\/wp\/v2\/pages"}],"about":[{"href":"https:\/\/efan.be\/index.php\/wp-json\/wp\/v2\/types\/page"}],"author":[{"embeddable":true,"href":"https:\/\/efan.be\/index.php\/wp-json\/wp\/v2\/users\/15"}],"replies":[{"embeddable":true,"href":"https:\/\/efan.be\/index.php\/wp-json\/wp\/v2\/comments?post=26"}],"version-history":[{"count":14,"href":"https:\/\/efan.be\/index.php\/wp-json\/wp\/v2\/pages\/26\/revisions"}],"predecessor-version":[{"id":6671,"href":"https:\/\/efan.be\/index.php\/wp-json\/wp\/v2\/pages\/26\/revisions\/6671"}],"wp:attachment":[{"href":"https:\/\/efan.be\/index.php\/wp-json\/wp\/v2\/media?parent=26"}],"curies":[{"name":"wp","href":"https:\/\/api.w.org\/{rel}","templated":true}]}}