{"id":36,"date":"2017-04-01T12:36:29","date_gmt":"2017-04-01T10:36:29","guid":{"rendered":"http:\/\/efan.be\/?page_id=36"},"modified":"2020-10-15T14:42:34","modified_gmt":"2020-10-15T12:42:34","slug":"lequipe-des-surveillants-de-midi","status":"publish","type":"page","link":"https:\/\/efan.be\/index.php\/lequipe-des-surveillants-de-midi\/","title":{"rendered":"L&rsquo;\u00e9quipe des surveillants de midi"},"content":{"rendered":"<p style=\"text-align: justify;\"><strong>De 12h10 \u00e0 13h20<\/strong> les enfants sont accompagn\u00e9s d&rsquo;\u00a0une \u00e9quipe de volontaires pour le repas et le temps de r\u00e9cr\u00e9ation.<\/p>\n<p style=\"text-align: justify;\">\n<p style=\"text-align: justify;\"><img loading=\"lazy\" class=\"wp-image-396 alignleft\" src=\"http:\/\/efan.be\/wp-content\/uploads\/2017\/04\/toque1-271x300.gif\" alt=\"\" width=\"66\" height=\"73\" \/><img loading=\"lazy\" class=\"size-medium wp-image-310 aligncenter\" src=\"http:\/\/efan.be\/wp-content\/uploads\/2017\/04\/r\u00e9fectoire-300x143.png\" alt=\"\" width=\"300\" height=\"143\" srcset=\"https:\/\/efan.be\/wp-content\/uploads\/2017\/04\/r\u00e9fectoire-300x143.png 300w, https:\/\/efan.be\/wp-content\/uploads\/2017\/04\/r\u00e9fectoire.png 325w\" sizes=\"(max-width: 300px) 100vw, 300px\" \/><\/p>\n<p style=\"text-align: justify;\">Trois espaces ext\u00e9rieurs adapt\u00e9s \u00e0 chaque \u00e2ge sont mis \u00e0 leur disposition:<\/p>\n<p style=\"text-align: justify;\">&#8211; les cours des maternelles et des premi\u00e8res, deuxi\u00e8mes ann\u00e9es dans la cour int\u00e9rieure.<\/p>\n<p style=\"text-align: justify;\">&#8211;\u00a0la\u00a0cour des \u00e9l\u00e8ves de la\u00a0quatri\u00e8me \u00e0 la sixi\u00e8me ann\u00e9e\u00a0dans le champ de foire (cour, pr\u00e9aux, espace vert avec\u00a0terrain de football)<\/p>\n<p style=\"text-align: justify;\">Par temps tr\u00e8s froid ou temps de pluie,\u00a0les enfants ont la possibilit\u00e9 de rester \u00e0 l&rsquo;int\u00e9rieur pour participer \u00e0 diverses activit\u00e9s.<\/p>\n<p style=\"text-align: justify;\"><img loading=\"lazy\" class=\"size-medium wp-image-400 aligncenter\" src=\"http:\/\/efan.be\/wp-content\/uploads\/2017\/04\/Gestaltung_Pausenplatz1-300x214.jpg\" alt=\"\" width=\"300\" height=\"214\" srcset=\"https:\/\/efan.be\/wp-content\/uploads\/2017\/04\/Gestaltung_Pausenplatz1-300x214.jpg 300w, https:\/\/efan.be\/wp-content\/uploads\/2017\/04\/Gestaltung_Pausenplatz1-768x547.jpg 768w, https:\/\/efan.be\/wp-content\/uploads\/2017\/04\/Gestaltung_Pausenplatz1-1024x729.jpg 1024w, https:\/\/efan.be\/wp-content\/uploads\/2017\/04\/Gestaltung_Pausenplatz1-1170x833.jpg 1170w, https:\/\/efan.be\/wp-content\/uploads\/2017\/04\/Gestaltung_Pausenplatz1.jpg 1400w\" sizes=\"(max-width: 300px) 100vw, 300px\" \/><\/p>\n","protected":false},"excerpt":{"rendered":"<p>De 12h10 \u00e0 13h20 les enfants sont accompagn\u00e9s d&rsquo;\u00a0une \u00e9quipe de volontaires pour le repas et le temps de r\u00e9cr\u00e9ation. Trois espaces ext\u00e9rieurs adapt\u00e9s \u00e0 chaque \u00e2ge sont mis \u00e0 leur disposition: &#8211; les cours des maternelles et des premi\u00e8res, deuxi\u00e8mes ann\u00e9es dans la cour int\u00e9rieure. &#8211;\u00a0la\u00a0cour des \u00e9l\u00e8ves de la\u00a0quatri\u00e8me \u00e0 la sixi\u00e8me ann\u00e9e\u00a0dans &hellip; <\/p>\n<p><a class=\"more-link btn\" href=\"https:\/\/efan.be\/index.php\/lequipe-des-surveillants-de-midi\/\">Lire la suite<\/a><\/p>\n","protected":false},"author":15,"featured_media":0,"parent":0,"menu_order":0,"comment_status":"closed","ping_status":"closed","template":"","meta":[],"_links":{"self":[{"href":"https:\/\/efan.be\/index.php\/wp-json\/wp\/v2\/pages\/36"}],"collection":[{"href":"https:\/\/efan.be\/index.php\/wp-json\/wp\/v2\/pages"}],"about":[{"href":"https:\/\/efan.be\/index.php\/wp-json\/wp\/v2\/types\/page"}],"author":[{"embeddable":true,"href":"https:\/\/efan.be\/index.php\/wp-json\/wp\/v2\/users\/15"}],"replies":[{"embeddable":true,"href":"https:\/\/efan.be\/index.php\/wp-json\/wp\/v2\/comments?post=36"}],"version-history":[{"count":20,"href":"https:\/\/efan.be\/index.php\/wp-json\/wp\/v2\/pages\/36\/revisions"}],"predecessor-version":[{"id":3148,"href":"https:\/\/efan.be\/index.php\/wp-json\/wp\/v2\/pages\/36\/revisions\/3148"}],"wp:attachment":[{"href":"https:\/\/efan.be\/index.php\/wp-json\/wp\/v2\/media?parent=36"}],"curies":[{"name":"wp","href":"https:\/\/api.w.org\/{rel}","templated":true}]}}

L&rsquo;équipe des surveillants de midi

<p style="text-align: justify;"><strong>De 12h10 à 13h20</strong> les enfants sont accompagnés d&rsquo; une équipe de volontaires pour le repas et le temps de récréation.</p>
<p style="text-align: justify;">
<p style="text-align: justify;"><img loading="lazy" class="wp-image-396 alignleft" src="http://efan.be/wp-content/uploads/2017/04/toque1-271x300.gif" alt="" width="66" height="73" /><img loading="lazy" class="size-medium wp-image-310 aligncenter" src="http://efan.be/wp-content/uploads/2017/04/réfectoire-300x143.png" alt="" width="300" height="143" srcset="https://efan.be/wp-content/uploads/2017/04/réfectoire-300x143.png 300w, https://efan.be/wp-content/uploads/2017/04/réfectoire.png 325w" sizes="(max-width: 300px) 100vw, 300px" /></p>
<p style="text-align: justify;">Trois espaces extérieurs adaptés à chaque âge sont mis à leur disposition:</p>
<p style="text-align: justify;">&#8211; les cours des maternelles et des premières, deuxièmes années dans la cour intérieure.</p>
<p style="text-align: justify;">&#8211; la cour des élèves de la quatrième à la sixième année dans le champ de foire (cour, préaux, espace vert avec terrain de football)</p>
<p style="text-align: justify;">Par temps très froid ou temps de pluie, les enfants ont la possibilité de rester à l&rsquo;intérieur pour participer à diverses activités.</p>
<p style="text-align: justify;"><img loading="lazy" class="size-medium wp-image-400 aligncenter" src="http://efan.be/wp-content/uploads/2017/04/Gestaltung_Pausenplatz1-300x214.jpg" alt="" width="300" height="214" srcset="https://efan.be/wp-content/uploads/2017/04/Gestaltung_Pausenplatz1-300x214.jpg 300w, https://efan.be/wp-content/uploads/2017/04/Gestaltung_Pausenplatz1-768x547.jpg 768w, https://efan.be/wp-content/uploads/2017/04/Gestaltung_Pausenplatz1-1024x729.jpg 1024w, https://efan.be/wp-content/uploads/2017/04/Gestaltung_Pausenplatz1-1170x833.jpg 1170w, https://efan.be/wp-content/uploads/2017/04/Gestaltung_Pausenplatz1.jpg 1400w" sizes="(max-width: 300px) 100vw, 300px" /></p>

<p>De 12h10 à 13h20 les enfants sont accompagnés d&rsquo; une équipe de volontaires pour le repas et le temps de récréation. Trois espaces extérieurs adaptés à chaque âge sont mis à leur disposition: &#8211; les cours des maternelles et des premières, deuxièmes années dans la cour intérieure. &#8211; la cour des élèves de la quatrième à la sixième année dans &hellip; </p>
<p><a class="more-link btn" href="https://efan.be/index.php/lequipe-des-surveillants-de-midi/">Lire la suite</a></p>
