{"id":38,"date":"2017-04-03T12:36:54","date_gmt":"2017-04-03T10:36:54","guid":{"rendered":"http:\/\/efan.be\/?page_id=38"},"modified":"2025-01-29T10:06:15","modified_gmt":"2025-01-29T09:06:15","slug":"lequipe-de-la-garderie","status":"publish","type":"page","link":"https:\/\/efan.be\/index.php\/lequipe-de-la-garderie\/","title":{"rendered":"L&rsquo;\u00e9quipe de la garderie"},"content":{"rendered":"<p style=\"text-align: justify;\"><img loading=\"lazy\" class=\"size-medium wp-image-402 aligncenter\" src=\"http:\/\/efan.be\/wp-content\/uploads\/2017\/04\/garderieextra1-300x124.jpg\" alt=\"\" width=\"300\" height=\"124\" srcset=\"https:\/\/efan.be\/wp-content\/uploads\/2017\/04\/garderieextra1-300x124.jpg 300w, https:\/\/efan.be\/wp-content\/uploads\/2017\/04\/garderieextra1-768x317.jpg 768w, https:\/\/efan.be\/wp-content\/uploads\/2017\/04\/garderieextra1.jpg 800w\" sizes=\"(max-width: 300px) 100vw, 300px\" \/><\/p>\n<p style=\"text-align: justify;\">Un accueil personnalis\u00e9<\/p>\n<p style=\"text-align: justify;\">Le matin d\u00e8s <strong>7h00<\/strong> et le soir jusqu&rsquo;\u00e0 <strong>18h30<\/strong>, ainsi que durant les journ\u00e9es p\u00e9dagogiques, la garderie est assur\u00e9e par PromoSport.<\/p>\n<p style=\"text-align: justify;\">Ils proposent diverses activit\u00e9s aussi bien \u00e0 l&rsquo;int\u00e9rieur qu&rsquo;\u00e0 l&rsquo;ext\u00e9rieur : ateliers de cuisine, jeux de coop\u00e9ration, jeux libres divers, bricolages en rapport aux \u00e9v\u00e9nements de l&rsquo;ann\u00e9e, &#8230;<\/p>\n<p style=\"text-align: justify;\">\n\n\t\t<style type=\"text\/css\">\n\t\t\t#gallery-1 {\n\t\t\t\tmargin: auto;\n\t\t\t}\n\t\t\t#gallery-1 .gallery-item {\n\t\t\t\tfloat: left;\n\t\t\t\tmargin-top: 10px;\n\t\t\t\ttext-align: center;\n\t\t\t\twidth: 33%;\n\t\t\t}\n\t\t\t#gallery-1 img {\n\t\t\t\tborder: 2px solid #cfcfcf;\n\t\t\t}\n\t\t\t#gallery-1 .gallery-caption {\n\t\t\t\tmargin-left: 0;\n\t\t\t}\n\t\t\t\/* see gallery_shortcode() in wp-includes\/media.php *\/\n\t\t<\/style>\n\t\t<div id='gallery-1' class='gallery galleryid-38 gallery-columns-3 gallery-size-medium'><dl class='gallery-item'>\n\t\t\t<dt class='gallery-icon portrait'>\n\t\t\t\t<a href='https:\/\/efan.be\/index.php\/garderie\/img_6150\/'><img width=\"200\" height=\"300\" src=\"https:\/\/efan.be\/wp-content\/uploads\/2017\/04\/IMG_6150-e1494424210621-200x300.jpg\" class=\"attachment-medium size-medium\" alt=\"\" loading=\"lazy\" aria-describedby=\"gallery-1-426\" srcset=\"https:\/\/efan.be\/wp-content\/uploads\/2017\/04\/IMG_6150-e1494424210621-200x300.jpg 200w, https:\/\/efan.be\/wp-content\/uploads\/2017\/04\/IMG_6150-e1494424210621-768x1152.jpg 768w, https:\/\/efan.be\/wp-content\/uploads\/2017\/04\/IMG_6150-e1494424210621-683x1024.jpg 683w, https:\/\/efan.be\/wp-content\/uploads\/2017\/04\/IMG_6150-e1494424210621-1170x1755.jpg 1170w\" sizes=\"(max-width: 200px) 100vw, 200px\" \/><\/a>\n\t\t\t<\/dt>\n\t\t\t\t<dd class='wp-caption-text gallery-caption' id='gallery-1-426'>\n\t\t\t\tMenu hebdomadaire\n\t\t\t\t<\/dd><\/dl><dl class='gallery-item'>\n\t\t\t<dt class='gallery-icon landscape'>\n\t\t\t\t<a href='https:\/\/efan.be\/index.php\/garderie\/img_6152\/'><img width=\"300\" height=\"200\" src=\"https:\/\/efan.be\/wp-content\/uploads\/2017\/04\/IMG_6152-300x200.jpg\" class=\"attachment-medium size-medium\" alt=\"\" loading=\"lazy\" aria-describedby=\"gallery-1-428\" srcset=\"https:\/\/efan.be\/wp-content\/uploads\/2017\/04\/IMG_6152-300x200.jpg 300w, https:\/\/efan.be\/wp-content\/uploads\/2017\/04\/IMG_6152-768x512.jpg 768w, https:\/\/efan.be\/wp-content\/uploads\/2017\/04\/IMG_6152-1024x683.jpg 1024w, https:\/\/efan.be\/wp-content\/uploads\/2017\/04\/IMG_6152-1170x780.jpg 1170w\" sizes=\"(max-width: 300px) 100vw, 300px\" \/><\/a>\n\t\t\t<\/dt>\n\t\t\t\t<dd class='wp-caption-text gallery-caption' id='gallery-1-428'>\n\t\t\t\tLecture et jeux de soci\u00e9t\u00e9\n\t\t\t\t<\/dd><\/dl><dl class='gallery-item'>\n\t\t\t<dt class='gallery-icon landscape'>\n\t\t\t\t<a href='https:\/\/efan.be\/index.php\/garderie\/img_6156\/'><img width=\"300\" height=\"200\" src=\"https:\/\/efan.be\/wp-content\/uploads\/2017\/04\/IMG_6156-300x200.jpg\" class=\"attachment-medium size-medium\" alt=\"\" loading=\"lazy\" aria-describedby=\"gallery-1-432\" srcset=\"https:\/\/efan.be\/wp-content\/uploads\/2017\/04\/IMG_6156-300x200.jpg 300w, https:\/\/efan.be\/wp-content\/uploads\/2017\/04\/IMG_6156-768x512.jpg 768w, https:\/\/efan.be\/wp-content\/uploads\/2017\/04\/IMG_6156-1024x683.jpg 1024w, https:\/\/efan.be\/wp-content\/uploads\/2017\/04\/IMG_6156-1170x780.jpg 1170w\" sizes=\"(max-width: 300px) 100vw, 300px\" \/><\/a>\n\t\t\t<\/dt>\n\t\t\t\t<dd class='wp-caption-text gallery-caption' id='gallery-1-432'>\n\t\t\t\tJeux d&rsquo;ext\u00e9rieur\n\t\t\t\t<\/dd><\/dl><br style=\"clear: both\" \/><dl class='gallery-item'>\n\t\t\t<dt class='gallery-icon landscape'>\n\t\t\t\t<a href='https:\/\/efan.be\/index.php\/garderie\/img_6157\/'><img width=\"300\" height=\"200\" src=\"https:\/\/efan.be\/wp-content\/uploads\/2017\/04\/IMG_6157-300x200.jpg\" class=\"attachment-medium size-medium\" alt=\"\" loading=\"lazy\" aria-describedby=\"gallery-1-433\" srcset=\"https:\/\/efan.be\/wp-content\/uploads\/2017\/04\/IMG_6157-300x200.jpg 300w, https:\/\/efan.be\/wp-content\/uploads\/2017\/04\/IMG_6157-768x512.jpg 768w, https:\/\/efan.be\/wp-content\/uploads\/2017\/04\/IMG_6157-1024x683.jpg 1024w, https:\/\/efan.be\/wp-content\/uploads\/2017\/04\/IMG_6157-1170x780.jpg 1170w\" sizes=\"(max-width: 300px) 100vw, 300px\" \/><\/a>\n\t\t\t<\/dt>\n\t\t\t\t<dd class='wp-caption-text gallery-caption' id='gallery-1-433'>\n\t\t\t\tJeux ext\u00e9rieurs\n\t\t\t\t<\/dd><\/dl><dl class='gallery-item'>\n\t\t\t<dt class='gallery-icon portrait'>\n\t\t\t\t<a href='https:\/\/efan.be\/index.php\/lequipe-de-la-garderie\/bty-3\/'><img width=\"225\" height=\"300\" src=\"https:\/\/efan.be\/wp-content\/uploads\/2017\/04\/IMG_20171201_115036-225x300.jpg\" class=\"attachment-medium size-medium\" alt=\"\" loading=\"lazy\" aria-describedby=\"gallery-1-972\" srcset=\"https:\/\/efan.be\/wp-content\/uploads\/2017\/04\/IMG_20171201_115036-225x300.jpg 225w, https:\/\/efan.be\/wp-content\/uploads\/2017\/04\/IMG_20171201_115036-768x1024.jpg 768w, https:\/\/efan.be\/wp-content\/uploads\/2017\/04\/IMG_20171201_115036-1170x1560.jpg 1170w\" sizes=\"(max-width: 225px) 100vw, 225px\" \/><\/a>\n\t\t\t<\/dt>\n\t\t\t\t<dd class='wp-caption-text gallery-caption' id='gallery-1-972'>\n\t\t\t\tAteliers artistiques\n\t\t\t\t<\/dd><\/dl><dl class='gallery-item'>\n\t\t\t<dt class='gallery-icon portrait'>\n\t\t\t\t<a href='https:\/\/efan.be\/index.php\/lequipe-de-la-garderie\/bty-4\/'><img width=\"225\" height=\"300\" src=\"https:\/\/efan.be\/wp-content\/uploads\/2017\/04\/IMG_20171201_115048-225x300.jpg\" class=\"attachment-medium size-medium\" alt=\"\" loading=\"lazy\" aria-describedby=\"gallery-1-973\" srcset=\"https:\/\/efan.be\/wp-content\/uploads\/2017\/04\/IMG_20171201_115048-225x300.jpg 225w, https:\/\/efan.be\/wp-content\/uploads\/2017\/04\/IMG_20171201_115048-768x1024.jpg 768w, https:\/\/efan.be\/wp-content\/uploads\/2017\/04\/IMG_20171201_115048-1170x1560.jpg 1170w\" sizes=\"(max-width: 225px) 100vw, 225px\" \/><\/a>\n\t\t\t<\/dt>\n\t\t\t\t<dd class='wp-caption-text gallery-caption' id='gallery-1-973'>\n\t\t\t\tCr\u00e9ation d&rsquo;automne\n\t\t\t\t<\/dd><\/dl><br style=\"clear: both\" \/>\n\t\t<\/div>\n\n","protected":false},"excerpt":{"rendered":"<p>Un accueil personnalis\u00e9 Le matin d\u00e8s 7h00 et le soir jusqu&rsquo;\u00e0 18h30, ainsi que durant les journ\u00e9es p\u00e9dagogiques, la garderie est assur\u00e9e par PromoSport. Ils proposent diverses activit\u00e9s aussi bien \u00e0 l&rsquo;int\u00e9rieur qu&rsquo;\u00e0 l&rsquo;ext\u00e9rieur : ateliers de cuisine, jeux de coop\u00e9ration, jeux libres divers, bricolages en rapport aux \u00e9v\u00e9nements de l&rsquo;ann\u00e9e, &#8230;<\/p>\n","protected":false},"author":15,"featured_media":0,"parent":0,"menu_order":0,"comment_status":"closed","ping_status":"closed","template":"","meta":[],"_links":{"self":[{"href":"https:\/\/efan.be\/index.php\/wp-json\/wp\/v2\/pages\/38"}],"collection":[{"href":"https:\/\/efan.be\/index.php\/wp-json\/wp\/v2\/pages"}],"about":[{"href":"https:\/\/efan.be\/index.php\/wp-json\/wp\/v2\/types\/page"}],"author":[{"embeddable":true,"href":"https:\/\/efan.be\/index.php\/wp-json\/wp\/v2\/users\/15"}],"replies":[{"embeddable":true,"href":"https:\/\/efan.be\/index.php\/wp-json\/wp\/v2\/comments?post=38"}],"version-history":[{"count":14,"href":"https:\/\/efan.be\/index.php\/wp-json\/wp\/v2\/pages\/38\/revisions"}],"predecessor-version":[{"id":6667,"href":"https:\/\/efan.be\/index.php\/wp-json\/wp\/v2\/pages\/38\/revisions\/6667"}],"wp:attachment":[{"href":"https:\/\/efan.be\/index.php\/wp-json\/wp\/v2\/media?parent=38"}],"curies":[{"name":"wp","href":"https:\/\/api.w.org\/{rel}","templated":true}]}}