{"id":40,"date":"2017-04-03T12:37:19","date_gmt":"2017-04-03T10:37:19","guid":{"rendered":"http:\/\/efan.be\/?page_id=40"},"modified":"2025-01-30T15:02:48","modified_gmt":"2025-01-30T14:02:48","slug":"horaire","status":"publish","type":"page","link":"https:\/\/efan.be\/index.php\/horaire\/","title":{"rendered":"Horaire"},"content":{"rendered":"<p><img loading=\"lazy\" class=\"wp-image-390 aligncenter\" src=\"http:\/\/efan.be\/wp-content\/uploads\/2017\/04\/19109447-Illustration-de-Stickman-enfants-sur-une-grande-horloge-Banque-dimages1-300x272.jpg\" alt=\"\" width=\"249\" height=\"226\" srcset=\"https:\/\/efan.be\/wp-content\/uploads\/2017\/04\/19109447-Illustration-de-Stickman-enfants-sur-une-grande-horloge-Banque-dimages1-300x272.jpg 300w, https:\/\/efan.be\/wp-content\/uploads\/2017\/04\/19109447-Illustration-de-Stickman-enfants-sur-une-grande-horloge-Banque-dimages1-768x696.jpg 768w, https:\/\/efan.be\/wp-content\/uploads\/2017\/04\/19109447-Illustration-de-Stickman-enfants-sur-une-grande-horloge-Banque-dimages1-1024x928.jpg 1024w, https:\/\/efan.be\/wp-content\/uploads\/2017\/04\/19109447-Illustration-de-Stickman-enfants-sur-une-grande-horloge-Banque-dimages1-1170x1060.jpg 1170w, https:\/\/efan.be\/wp-content\/uploads\/2017\/04\/19109447-Illustration-de-Stickman-enfants-sur-une-grande-horloge-Banque-dimages1.jpg 1300w\" sizes=\"(max-width: 249px) 100vw, 249px\" \/><\/p>\n<table>\n<tbody>\n<tr>\n<td width=\"176\">Quoi<\/td>\n<td width=\"174\">Maternelle<\/td>\n<td width=\"173\">Primaire<\/td>\n<\/tr>\n<tr>\n<td rowspan=\"2\" width=\"176\">Garderies\n<p>\u00a0<\/p>\n<p>Un accueil flexible est possible mais uniquement sur demande et sur base d&rsquo;un justificatif de l&#8217;employeur et des deux parents.<\/p>\n<p><strong>Pour cela, s&rsquo;adresser \u00e0 PromoSport.<\/strong><\/p>\n<\/td>\n<td width=\"174\">7h00-8h15\n<p>\u00a0<\/p>\n<p>(r\u00e9fectoire &#8211; PromoSport)<\/p>\n<\/td>\n<td width=\"173\">7h00-8h15\n<p>\u00a0<\/p>\n<p>(r\u00e9fectoire &#8211; PromoSport)<\/p>\n<\/td>\n<\/tr>\n<tr>\n<td width=\"174\">15h30 &#8211; 18h30\n<p>\u00a0<\/p>\n<p>(r\u00e9fectoire &#8211; PromoSport)<\/p>\n<\/td>\n<td width=\"173\">15h30 &#8211; 18h30\n<p>\u00a0<\/p>\n<p>(r\u00e9fectoire &#8211; PromoSport)<\/p>\n<\/td>\n<\/tr>\n<tr>\n<td width=\"176\">R\u00e9cr\u00e9ations<\/td>\n<td width=\"174\">10h10 &#8211; 10h30\n<p>\u00a0<\/p>\n<p>14h10 &#8211; 14h30<\/p>\n<\/td>\n<td width=\"173\">8h15 &#8211; 8h30\n<p>\u00a0<\/p>\n<p>10h10 &#8211; 10h30<\/p>\n<p>14h10 &#8211; 14h30<\/p>\n<\/td>\n<\/tr>\n<tr>\n<td width=\"176\">Activit\u00e9s ou cours\n<p>\u00a0<\/p>\n<p>Matin<\/p>\n<\/td>\n<td width=\"174\">Accueil \u00e0 8h15\n<p>\u00a0<\/p>\n<p>Activit\u00e9s \u00e0 8h45<\/p>\n<\/td>\n<td width=\"173\">Cours \u00e0 8h30<\/td>\n<\/tr>\n<tr>\n<td width=\"176\">Temps de midi<\/td>\n<td width=\"174\">11h40 &#8211; 13h00<\/td>\n<td width=\"173\">12h10 &#8211; 13h20\n<p>\u00a0<\/p>\n<p><span style=\"color: #ff00ff;\"><strong>Le mercredi : fin des cours \u00e0 12h10<\/strong><\/span><\/p>\n<\/td>\n<\/tr>\n<tr>\n<td width=\"176\">Activit\u00e9s ou cours\n<p>\u00a0<\/p>\n<p>Apr\u00e8s-midi<\/p>\n<\/td>\n<td width=\"174\">Activit\u00e9s \u00e0 13h00<\/td>\n<td width=\"173\">Cours \u00e0 13h20<\/td>\n<\/tr>\n<tr>\n<td width=\"176\">Fin des cours<\/td>\n<td width=\"174\">15h20<\/td>\n<td width=\"173\">15h20<\/td>\n<\/tr>\n<tr>\n<td width=\"176\">Etude dirig\u00e9e<\/td>\n<td width=\"174\">\/<\/td>\n<td width=\"173\">15h30 &#8211; 16h30<\/td>\n<\/tr>\n<\/tbody>\n<\/table>\n\n","protected":false},"excerpt":{"rendered":"<p>Quoi Maternelle Primaire Garderies \u00a0 Un accueil flexible est possible mais uniquement sur demande et sur base d&rsquo;un justificatif de l&#8217;employeur et des deux parents. Pour cela, s&rsquo;adresser \u00e0 PromoSport. 7h00-8h15 \u00a0 (r\u00e9fectoire &#8211; PromoSport) 7h00-8h15 \u00a0 (r\u00e9fectoire &#8211; PromoSport) 15h30 &#8211; 18h30 \u00a0 (r\u00e9fectoire &#8211; PromoSport) 15h30 &#8211; 18h30 \u00a0 (r\u00e9fectoire &#8211; PromoSport) R\u00e9cr\u00e9ations &hellip; <\/p>\n<p><a class=\"more-link btn\" href=\"https:\/\/efan.be\/index.php\/horaire\/\">Lire la suite<\/a><\/p>\n","protected":false},"author":15,"featured_media":0,"parent":0,"menu_order":0,"comment_status":"closed","ping_status":"closed","template":"","meta":[],"_links":{"self":[{"href":"https:\/\/efan.be\/index.php\/wp-json\/wp\/v2\/pages\/40"}],"collection":[{"href":"https:\/\/efan.be\/index.php\/wp-json\/wp\/v2\/pages"}],"about":[{"href":"https:\/\/efan.be\/index.php\/wp-json\/wp\/v2\/types\/page"}],"author":[{"embeddable":true,"href":"https:\/\/efan.be\/index.php\/wp-json\/wp\/v2\/users\/15"}],"replies":[{"embeddable":true,"href":"https:\/\/efan.be\/index.php\/wp-json\/wp\/v2\/comments?post=40"}],"version-history":[{"count":20,"href":"https:\/\/efan.be\/index.php\/wp-json\/wp\/v2\/pages\/40\/revisions"}],"predecessor-version":[{"id":6670,"href":"https:\/\/efan.be\/index.php\/wp-json\/wp\/v2\/pages\/40\/revisions\/6670"}],"wp:attachment":[{"href":"https:\/\/efan.be\/index.php\/wp-json\/wp\/v2\/media?parent=40"}],"curies":[{"name":"wp","href":"https:\/\/api.w.org\/{rel}","templated":true}]}}

<p><img loading="lazy" class="wp-image-390 aligncenter" src="http://efan.be/wp-content/uploads/2017/04/19109447-Illustration-de-Stickman-enfants-sur-une-grande-horloge-Banque-dimages1-300x272.jpg" alt="" width="249" height="226" srcset="https://efan.be/wp-content/uploads/2017/04/19109447-Illustration-de-Stickman-enfants-sur-une-grande-horloge-Banque-dimages1-300x272.jpg 300w, https://efan.be/wp-content/uploads/2017/04/19109447-Illustration-de-Stickman-enfants-sur-une-grande-horloge-Banque-dimages1-768x696.jpg 768w, https://efan.be/wp-content/uploads/2017/04/19109447-Illustration-de-Stickman-enfants-sur-une-grande-horloge-Banque-dimages1-1024x928.jpg 1024w, https://efan.be/wp-content/uploads/2017/04/19109447-Illustration-de-Stickman-enfants-sur-une-grande-horloge-Banque-dimages1-1170x1060.jpg 1170w, https://efan.be/wp-content/uploads/2017/04/19109447-Illustration-de-Stickman-enfants-sur-une-grande-horloge-Banque-dimages1.jpg 1300w" sizes="(max-width: 249px) 100vw, 249px" /></p>
<table>
<tbody>
<tr>
<td width="176">Quoi</td>
<td width="174">Maternelle</td>
<td width="173">Primaire</td>
</tr>
<tr>
<td rowspan="2" width="176">Garderies
<p> </p>
<p>Un accueil flexible est possible mais uniquement sur demande et sur base d&rsquo;un justificatif de l&#8217;employeur et des deux parents.</p>
<p><strong>Pour cela, s&rsquo;adresser à PromoSport.</strong></p>
</td>
<td width="174">7h00-8h15
<p> </p>
<p>(réfectoire &#8211; PromoSport)</p>
</td>
<td width="173">7h00-8h15
<p> </p>
<p>(réfectoire &#8211; PromoSport)</p>
</td>
</tr>
<tr>
<td width="174">15h30 &#8211; 18h30
<p> </p>
<p>(réfectoire &#8211; PromoSport)</p>
</td>
<td width="173">15h30 &#8211; 18h30
<p> </p>
<p>(réfectoire &#8211; PromoSport)</p>
</td>
</tr>
<tr>
<td width="176">Récréations</td>
<td width="174">10h10 &#8211; 10h30
<p> </p>
<p>14h10 &#8211; 14h30</p>
</td>
<td width="173">8h15 &#8211; 8h30
<p> </p>
<p>10h10 &#8211; 10h30</p>
<p>14h10 &#8211; 14h30</p>
</td>
</tr>
<tr>
<td width="176">Activités ou cours
<p> </p>
<p>Matin</p>
</td>
<td width="174">Accueil à 8h15
<p> </p>
<p>Activités à 8h45</p>
</td>
<td width="173">Cours à 8h30</td>
</tr>
<tr>
<td width="176">Temps de midi</td>
<td width="174">11h40 &#8211; 13h00</td>
<td width="173">12h10 &#8211; 13h20
<p> </p>
<p><span style="color: #ff00ff;"><strong>Le mercredi : fin des cours à 12h10</strong></span></p>
</td>
</tr>
<tr>
<td width="176">Activités ou cours
<p> </p>
<p>Après-midi</p>
</td>
<td width="174">Activités à 13h00</td>
<td width="173">Cours à 13h20</td>
</tr>
<tr>
<td width="176">Fin des cours</td>
<td width="174">15h20</td>
<td width="173">15h20</td>
</tr>
<tr>
<td width="176">Etude dirigée</td>
<td width="174">/</td>
<td width="173">15h30 &#8211; 16h30</td>
</tr>
</tbody>
</table>

<p>Quoi Maternelle Primaire Garderies   Un accueil flexible est possible mais uniquement sur demande et sur base d&rsquo;un justificatif de l&#8217;employeur et des deux parents. Pour cela, s&rsquo;adresser à PromoSport. 7h00-8h15   (réfectoire &#8211; PromoSport) 7h00-8h15   (réfectoire &#8211; PromoSport) 15h30 &#8211; 18h30   (réfectoire &#8211; PromoSport) 15h30 &#8211; 18h30   (réfectoire &#8211; PromoSport) Récréations &hellip; </p>
<p><a class="more-link btn" href="https://efan.be/index.php/horaire/">Lire la suite</a></p>
