{"id":43,"date":"2017-04-03T12:37:44","date_gmt":"2017-04-03T10:37:44","guid":{"rendered":"http:\/\/efan.be\/?page_id=43"},"modified":"2025-01-30T15:01:28","modified_gmt":"2025-01-30T14:01:28","slug":"garderie","status":"publish","type":"page","link":"https:\/\/efan.be\/index.php\/garderie\/","title":{"rendered":"Garderie &#8211; Etude"},"content":{"rendered":"<p style=\"text-align: justify;\"><img loading=\"lazy\" class=\"size-medium wp-image-246 aligncenter\" src=\"http:\/\/efan.be\/wp-content\/uploads\/2017\/04\/garderie-300x127.jpg\" alt=\"\" width=\"300\" height=\"127\" srcset=\"https:\/\/efan.be\/wp-content\/uploads\/2017\/04\/garderie-300x127.jpg 300w, https:\/\/efan.be\/wp-content\/uploads\/2017\/04\/garderie.jpg 600w\" sizes=\"(max-width: 300px) 100vw, 300px\" \/><\/p>\n<p style=\"text-align: justify;\"><span style=\"font-size: 12pt; text-decoration: underline;\">Garderie<\/span><\/p>\n<p style=\"text-align: justify;\">PromoSport se charge de la garderie et met \u00e0 disposition du mat\u00e9riel et des jeux. Les animateurs organisent des activit\u00e9s diverses de 7h \u00e0 8h15 et de 15h20 \u00e0 18h30, le mercredi de 12h10 \u00e0 18h30.<\/p>\n<p style=\"text-align: justify;\">Tous les tarifs sont repris dans le r\u00e8glement d\u2019ordre int\u00e9rieur.<\/p>\n<p style=\"text-align: justify;\"><span style=\"font-size: 12pt; text-decoration: underline;\">Etude<\/span><\/p>\n<p style=\"text-align: justify;\">L&rsquo;\u00e9tude est organis\u00e9e pour les \u00e9l\u00e8ves des classes primaires\u00a0chaque lundi, mardi et jeudi de 15h30 \u00e0 16h30.<\/p>\n<p style=\"text-align: justify;\">Afin de respecter le <strong>bon climat de travail<\/strong>, l\u2019enfant y restera <strong>toute l\u2019heure<\/strong>.<\/p>\n<p style=\"text-align: justify;\">Il rejoindra la garderie jusqu\u2019au retour des parents.<\/p>\n<p style=\"text-align: justify;\">Suivant le nombre d&rsquo;enfants, elle est <strong><u>surveill\u00e9e ou dirig\u00e9e.<\/u><\/strong><\/p>\n<p style=\"text-align: justify;\">La priorit\u00e9 est mise sur les enfants des plus petites ann\u00e9es, car ils sont moins autonomes que les enfants de cinqui\u00e8me ou sixi\u00e8me primaire. Cependant, chaque enfant peut b\u00e9n\u00e9ficier de l&rsquo;aide ponctuelle d&rsquo;une institutrice.<\/p>\n<p style=\"text-align: justify;\">Tous les tarifs sont repris dans le r\u00e8glement d\u2019ordre int\u00e9rieur.<\/p>\n<p style=\"text-align: center;\"><span style=\"font-size: 12pt;\"><strong>La garderie en images<\/strong><\/span><\/p>\n\n\t\t<style type=\"text\/css\">\n\t\t\t#gallery-1 {\n\t\t\t\tmargin: auto;\n\t\t\t}\n\t\t\t#gallery-1 .gallery-item {\n\t\t\t\tfloat: left;\n\t\t\t\tmargin-top: 10px;\n\t\t\t\ttext-align: center;\n\t\t\t\twidth: 25%;\n\t\t\t}\n\t\t\t#gallery-1 img {\n\t\t\t\tborder: 2px solid #cfcfcf;\n\t\t\t}\n\t\t\t#gallery-1 .gallery-caption {\n\t\t\t\tmargin-left: 0;\n\t\t\t}\n\t\t\t\/* see gallery_shortcode() in wp-includes\/media.php *\/\n\t\t<\/style>\n\t\t<div id='gallery-1' class='gallery galleryid-43 gallery-columns-4 gallery-size-thumbnail'><dl class='gallery-item'>\n\t\t\t<dt class='gallery-icon landscape'>\n\t\t\t\t<a href='https:\/\/efan.be\/index.php\/garderie\/img_6147\/'><img width=\"150\" height=\"150\" src=\"https:\/\/efan.be\/wp-content\/uploads\/2017\/04\/IMG_6147-150x150.jpg\" class=\"attachment-thumbnail size-thumbnail\" alt=\"\" loading=\"lazy\" aria-describedby=\"gallery-1-424\" \/><\/a>\n\t\t\t<\/dt>\n\t\t\t\t<dd class='wp-caption-text gallery-caption' id='gallery-1-424'>\n\t\t\t\tDans la cour\n\t\t\t\t<\/dd><\/dl><dl class='gallery-item'>\n\t\t\t<dt class='gallery-icon portrait'>\n\t\t\t\t<a href='https:\/\/efan.be\/index.php\/garderie\/img_6150\/'><img width=\"150\" height=\"150\" src=\"https:\/\/efan.be\/wp-content\/uploads\/2017\/04\/IMG_6150-e1494424210621-150x150.jpg\" class=\"attachment-thumbnail size-thumbnail\" alt=\"\" loading=\"lazy\" aria-describedby=\"gallery-1-426\" \/><\/a>\n\t\t\t<\/dt>\n\t\t\t\t<dd class='wp-caption-text gallery-caption' id='gallery-1-426'>\n\t\t\t\tMenu hebdomadaire\n\t\t\t\t<\/dd><\/dl><dl class='gallery-item'>\n\t\t\t<dt class='gallery-icon landscape'>\n\t\t\t\t<a href='https:\/\/efan.be\/index.php\/garderie\/img_6151\/'><img width=\"150\" height=\"150\" src=\"https:\/\/efan.be\/wp-content\/uploads\/2017\/04\/IMG_6151-150x150.jpg\" class=\"attachment-thumbnail size-thumbnail\" alt=\"\" loading=\"lazy\" aria-describedby=\"gallery-1-427\" \/><\/a>\n\t\t\t<\/dt>\n\t\t\t\t<dd class='wp-caption-text gallery-caption' id='gallery-1-427'>\n\t\t\t\tPliage et d\u00e9coupage\n\t\t\t\t<\/dd><\/dl><dl class='gallery-item'>\n\t\t\t<dt class='gallery-icon landscape'>\n\t\t\t\t<a href='https:\/\/efan.be\/index.php\/garderie\/img_6152\/'><img width=\"150\" height=\"150\" src=\"https:\/\/efan.be\/wp-content\/uploads\/2017\/04\/IMG_6152-150x150.jpg\" class=\"attachment-thumbnail size-thumbnail\" alt=\"\" loading=\"lazy\" aria-describedby=\"gallery-1-428\" \/><\/a>\n\t\t\t<\/dt>\n\t\t\t\t<dd class='wp-caption-text gallery-caption' id='gallery-1-428'>\n\t\t\t\tLecture et jeux de soci\u00e9t\u00e9\n\t\t\t\t<\/dd><\/dl><br style=\"clear: both\" \/><dl class='gallery-item'>\n\t\t\t<dt class='gallery-icon portrait'>\n\t\t\t\t<a href='https:\/\/efan.be\/index.php\/garderie\/img_6153\/'><img width=\"150\" height=\"150\" src=\"https:\/\/efan.be\/wp-content\/uploads\/2017\/04\/IMG_6153-e1494424297948-150x150.jpg\" class=\"attachment-thumbnail size-thumbnail\" alt=\"\" loading=\"lazy\" aria-describedby=\"gallery-1-429\" \/><\/a>\n\t\t\t<\/dt>\n\t\t\t\t<dd class='wp-caption-text gallery-caption' id='gallery-1-429'>\n\t\t\t\tDessin\n\t\t\t\t<\/dd><\/dl><dl class='gallery-item'>\n\t\t\t<dt class='gallery-icon landscape'>\n\t\t\t\t<a href='https:\/\/efan.be\/index.php\/garderie\/img_6154\/'><img width=\"150\" height=\"150\" src=\"https:\/\/efan.be\/wp-content\/uploads\/2017\/04\/IMG_6154-150x150.jpg\" class=\"attachment-thumbnail size-thumbnail\" alt=\"\" loading=\"lazy\" aria-describedby=\"gallery-1-430\" \/><\/a>\n\t\t\t<\/dt>\n\t\t\t\t<dd class='wp-caption-text gallery-caption' id='gallery-1-430'>\n\t\t\t\tColoriage\n\t\t\t\t<\/dd><\/dl><dl class='gallery-item'>\n\t\t\t<dt class='gallery-icon landscape'>\n\t\t\t\t<a href='https:\/\/efan.be\/index.php\/garderie\/img_6155\/'><img width=\"150\" height=\"150\" src=\"https:\/\/efan.be\/wp-content\/uploads\/2017\/04\/IMG_6155-150x150.jpg\" class=\"attachment-thumbnail size-thumbnail\" alt=\"\" loading=\"lazy\" aria-describedby=\"gallery-1-431\" \/><\/a>\n\t\t\t<\/dt>\n\t\t\t\t<dd class='wp-caption-text gallery-caption' id='gallery-1-431'>\n\t\t\t\tPeinture\n\t\t\t\t<\/dd><\/dl><dl class='gallery-item'>\n\t\t\t<dt class='gallery-icon landscape'>\n\t\t\t\t<a href='https:\/\/efan.be\/index.php\/garderie\/img_6156\/'><img width=\"150\" height=\"150\" src=\"https:\/\/efan.be\/wp-content\/uploads\/2017\/04\/IMG_6156-150x150.jpg\" class=\"attachment-thumbnail size-thumbnail\" alt=\"\" loading=\"lazy\" aria-describedby=\"gallery-1-432\" \/><\/a>\n\t\t\t<\/dt>\n\t\t\t\t<dd class='wp-caption-text gallery-caption' id='gallery-1-432'>\n\t\t\t\tJeux d&rsquo;ext\u00e9rieur\n\t\t\t\t<\/dd><\/dl><br style=\"clear: both\" \/><dl class='gallery-item'>\n\t\t\t<dt class='gallery-icon landscape'>\n\t\t\t\t<a href='https:\/\/efan.be\/index.php\/garderie\/img_6158\/'><img width=\"150\" height=\"150\" src=\"https:\/\/efan.be\/wp-content\/uploads\/2017\/04\/IMG_6158-150x150.jpg\" class=\"attachment-thumbnail size-thumbnail\" alt=\"\" loading=\"lazy\" aria-describedby=\"gallery-1-434\" \/><\/a>\n\t\t\t<\/dt>\n\t\t\t\t<dd class='wp-caption-text gallery-caption' id='gallery-1-434'>\n\t\t\t\tBricolage\n\t\t\t\t<\/dd><\/dl><dl class='gallery-item'>\n\t\t\t<dt class='gallery-icon portrait'>\n\t\t\t\t<a href='https:\/\/efan.be\/index.php\/lequipe-de-la-garderie\/25626961_1680728171991858_5709678915415678200_o\/'><img width=\"150\" height=\"150\" src=\"https:\/\/efan.be\/wp-content\/uploads\/2017\/04\/25626961_1680728171991858_5709678915415678200_o-150x150.jpg\" class=\"attachment-thumbnail size-thumbnail\" alt=\"\" loading=\"lazy\" aria-describedby=\"gallery-1-1269\" \/><\/a>\n\t\t\t<\/dt>\n\t\t\t\t<dd class='wp-caption-text gallery-caption' id='gallery-1-1269'>\n\t\t\t\tNo\u00ebl\n\t\t\t\t<\/dd><\/dl><dl class='gallery-item'>\n\t\t\t<dt class='gallery-icon landscape'>\n\t\t\t\t<a href='https:\/\/efan.be\/index.php\/lequipe-de-la-garderie\/25586999_1680728258658516_8623068370461947399_o\/'><img width=\"150\" height=\"150\" src=\"https:\/\/efan.be\/wp-content\/uploads\/2017\/04\/25586999_1680728258658516_8623068370461947399_o-150x150.jpg\" class=\"attachment-thumbnail size-thumbnail\" alt=\"\" loading=\"lazy\" aria-describedby=\"gallery-1-1268\" \/><\/a>\n\t\t\t<\/dt>\n\t\t\t\t<dd class='wp-caption-text gallery-caption' id='gallery-1-1268'>\n\t\t\t\tNo\u00ebl\n\t\t\t\t<\/dd><\/dl><dl class='gallery-item'>\n\t\t\t<dt class='gallery-icon portrait'>\n\t\t\t\t<a href='https:\/\/efan.be\/index.php\/lequipe-de-la-garderie\/bty-3\/'><img width=\"150\" height=\"150\" src=\"https:\/\/efan.be\/wp-content\/uploads\/2017\/04\/IMG_20171201_115036-150x150.jpg\" class=\"attachment-thumbnail size-thumbnail\" alt=\"\" loading=\"lazy\" aria-describedby=\"gallery-1-972\" \/><\/a>\n\t\t\t<\/dt>\n\t\t\t\t<dd class='wp-caption-text gallery-caption' id='gallery-1-972'>\n\t\t\t\tAteliers artistiques\n\t\t\t\t<\/dd><\/dl><br style=\"clear: both\" \/>\n\t\t<\/div>\n\n","protected":false},"excerpt":{"rendered":"<p>Garderie PromoSport se charge de la garderie et met \u00e0 disposition du mat\u00e9riel et des jeux. Les animateurs organisent des activit\u00e9s diverses de 7h \u00e0 8h15 et de 15h20 \u00e0 18h30, le mercredi de 12h10 \u00e0 18h30. Tous les tarifs sont repris dans le r\u00e8glement d\u2019ordre int\u00e9rieur. Etude L&rsquo;\u00e9tude est organis\u00e9e pour les \u00e9l\u00e8ves des &hellip; <\/p>\n<p><a class=\"more-link btn\" href=\"https:\/\/efan.be\/index.php\/garderie\/\">Lire la suite<\/a><\/p>\n","protected":false},"author":15,"featured_media":0,"parent":0,"menu_order":0,"comment_status":"closed","ping_status":"closed","template":"","meta":[],"_links":{"self":[{"href":"https:\/\/efan.be\/index.php\/wp-json\/wp\/v2\/pages\/43"}],"collection":[{"href":"https:\/\/efan.be\/index.php\/wp-json\/wp\/v2\/pages"}],"about":[{"href":"https:\/\/efan.be\/index.php\/wp-json\/wp\/v2\/types\/page"}],"author":[{"embeddable":true,"href":"https:\/\/efan.be\/index.php\/wp-json\/wp\/v2\/users\/15"}],"replies":[{"embeddable":true,"href":"https:\/\/efan.be\/index.php\/wp-json\/wp\/v2\/comments?post=43"}],"version-history":[{"count":16,"href":"https:\/\/efan.be\/index.php\/wp-json\/wp\/v2\/pages\/43\/revisions"}],"predecessor-version":[{"id":6668,"href":"https:\/\/efan.be\/index.php\/wp-json\/wp\/v2\/pages\/43\/revisions\/6668"}],"wp:attachment":[{"href":"https:\/\/efan.be\/index.php\/wp-json\/wp\/v2\/media?parent=43"}],"curies":[{"name":"wp","href":"https:\/\/api.w.org\/{rel}","templated":true}]}}